{"id":66,"date":"2024-03-29T15:21:06","date_gmt":"2024-03-29T12:21:06","guid":{"rendered":"http:\/\/digispeed.pro\/?page_id=66"},"modified":"2026-04-01T08:09:00","modified_gmt":"2026-04-01T05:09:00","slug":"partners","status":"publish","type":"page","link":"https:\/\/digispeed.pro\/index.php\/partners\/","title":{"rendered":"PARTNERS"},"content":{"rendered":"\n<figure class=\"wp-block-image size-large\"><img loading=\"lazy\" decoding=\"async\" width=\"1024\" height=\"304\" src=\"https:\/\/digispeed.pro\/wp-content\/uploads\/2024\/03\/cropped-banner_partners-1024x304.png\" alt=\"\" class=\"wp-image-36\" srcset=\"https:\/\/digispeed.pro\/wp-content\/uploads\/2024\/03\/cropped-banner_partners-1024x304.png 1024w, https:\/\/digispeed.pro\/wp-content\/uploads\/2024\/03\/cropped-banner_partners-300x89.png 300w, https:\/\/digispeed.pro\/wp-content\/uploads\/2024\/03\/cropped-banner_partners-768x228.png 768w, https:\/\/digispeed.pro\/wp-content\/uploads\/2024\/03\/cropped-banner_partners.png 1498w\" sizes=\"(max-width: 1024px) 100vw, 1024px\" \/><\/figure>\n\n\n\n<p><a href=\"https:\/\/amasya.edu.tr\/\" target=\"_blank\" rel=\"noreferrer noopener\">Amasya University<\/a><\/p>\n\n\n\n<p><a href=\"https:\/\/eduxprss.com\/\" target=\"_blank\" rel=\"noreferrer noopener\">Eduxprss<\/a><\/p>\n\n\n\n<p><a href=\"https:\/\/vision.edu.mk\/anasayfa\/ing\" target=\"_blank\" rel=\"noreferrer noopener\">International Vision University<\/a><\/p>\n\n\n\n<p><a href=\"https:\/\/merzifonsml.meb.k12.tr\/\" target=\"_blank\" rel=\"noreferrer noopener\">Merzifon \u015eehit Dursun \u00d6zsara\u00e7 MTAL<\/a><\/p>\n\n\n\n<p><a href=\"http:\/\/os-vrgorac.skole.hr\/\" target=\"_blank\" rel=\"noreferrer noopener\">Osnovna Skola Vrgorac<\/a><\/p>\n\n\n\n<p><a href=\"https:\/\/sehzadeisuygulamamerkezi.meb.k12.tr\/\" target=\"_blank\" rel=\"noreferrer noopener\">\u015eehzade \u00d6zel E\u011fitim Uygulama Okulu<\/a><\/p>\n\n\n\n<p><a href=\"https:\/\/www.vu.lt\/en\/\" target=\"_blank\" rel=\"noreferrer noopener\">Vilnius University<\/a><\/p>\n\n\n\n<p><\/p>\n","protected":false},"excerpt":{"rendered":"<p>Amasya University Eduxprss International Vision University Merzifon \u015eehit Dursun \u00d6zsara\u00e7 MTAL Osnovna Skola Vrgorac \u015eehzade \u00d6zel E\u011fitim Uygulama Okulu Vilnius University<\/p>\n","protected":false},"author":2,"featured_media":0,"parent":0,"menu_order":0,"comment_status":"closed","ping_status":"closed","template":"","meta":{"footnotes":""},"_links":{"self":[{"href":"https:\/\/digispeed.pro\/index.php\/wp-json\/wp\/v2\/pages\/66"}],"collection":[{"href":"https:\/\/digispeed.pro\/index.php\/wp-json\/wp\/v2\/pages"}],"about":[{"href":"https:\/\/digispeed.pro\/index.php\/wp-json\/wp\/v2\/types\/page"}],"author":[{"embeddable":true,"href":"https:\/\/digispeed.pro\/index.php\/wp-json\/wp\/v2\/users\/2"}],"replies":[{"embeddable":true,"href":"https:\/\/digispeed.pro\/index.php\/wp-json\/wp\/v2\/comments?post=66"}],"version-history":[{"count":4,"href":"https:\/\/digispeed.pro\/index.php\/wp-json\/wp\/v2\/pages\/66\/revisions"}],"predecessor-version":[{"id":352,"href":"https:\/\/digispeed.pro\/index.php\/wp-json\/wp\/v2\/pages\/66\/revisions\/352"}],"wp:attachment":[{"href":"https:\/\/digispeed.pro\/index.php\/wp-json\/wp\/v2\/media?parent=66"}],"curies":[{"name":"wp","href":"https:\/\/api.w.org\/{rel}","templated":true}]}}